{"id":163,"date":"2016-04-19T20:07:51","date_gmt":"2016-04-19T20:07:51","guid":{"rendered":"http:\/\/perimetralmadeiras.com.br\/site\/?page_id=163"},"modified":"2023-08-31T18:57:01","modified_gmt":"2023-08-31T18:57:01","slug":"pinus","status":"publish","type":"page","link":"http:\/\/perimetralmadeiras.com.br\/site\/madeiras\/pinus\/","title":{"rendered":"Pinus"},"content":{"rendered":"<div id=\"pl-163\"  class=\"panel-layout\" ><div id=\"pg-163-0\"  class=\"panel-grid panel-no-style\" ><div id=\"pgc-163-0-0\"  class=\"panel-grid-cell\" ><div id=\"panel-163-0-0-0\" class=\"so-panel widget widget_headline-widget panel-first-child panel-last-child\" data-index=\"0\" >\t\t<h1>Pinus<\/h1>\n\t\t<div class=\"decoration\"><div class=\"decoration-inside\"><\/div><\/div>\n\t\t<h3><\/h3>\n\t\t<\/div><\/div><\/div><div id=\"pg-163-1\"  class=\"panel-grid panel-no-style\" ><div id=\"pgc-163-1-0\"  class=\"panel-grid-cell\" ><div id=\"panel-163-1-0-0\" class=\"so-panel widget widget_sow-slider panel-first-child panel-last-child\" data-index=\"1\" ><div\n\t\t\t\n\t\t\tclass=\"so-widget-sow-slider so-widget-sow-slider-default-6d39609536fd-163\"\n\t\t\t\n\t\t>\t\t\t\t<div class=\"sow-slider-base\" style=\"display: none\" tabindex=\"0\">\n\t\t\t\t\t<ul\n\t\t\t\t\tclass=\"sow-slider-images\"\n\t\t\t\t\tdata-settings=\"{&quot;pagination&quot;:true,&quot;speed&quot;:800,&quot;timeout&quot;:8000,&quot;paused&quot;:false,&quot;pause_on_hover&quot;:false,&quot;swipe&quot;:true,&quot;nav_always_show_desktop&quot;:&quot;&quot;,&quot;nav_always_show_mobile&quot;:&quot;&quot;,&quot;breakpoint&quot;:&quot;780px&quot;,&quot;unmute&quot;:false,&quot;anchor&quot;:null}\"\n\t\t\t\t\t\t\t\t\t\tdata-anchor-id=\"\"\n\t\t\t\t>\t\t<li class=\"sow-slider-image\" style=\"visibility: visible;\" >\n\t\t\t\t\t\t<div class=\"sow-slider-image-container\">\n\t\t\t\t<div class=\"sow-slider-image-wrapper\" style=\"max-width: 525px\">\n\t\t\t\t\t\t\t\t\t\t<div class=\"sow-slider-image-foreground-wrapper\">\n\t\t\t\t\t\t<img width=\"525\" height=\"395\" src=\"http:\/\/perimetralmadeiras.com.br\/site\/wp-content\/uploads\/2016\/04\/pinus.jpg\" class=\"sow-slider-foreground-image\" alt=\"\" decoding=\"async\" style=\"\" srcset=\"http:\/\/perimetralmadeiras.com.br\/site\/wp-content\/uploads\/2016\/04\/pinus.jpg 525w, http:\/\/perimetralmadeiras.com.br\/site\/wp-content\/uploads\/2016\/04\/pinus-300x226.jpg 300w\" sizes=\"(max-width: 525px) 100vw, 525px\" \/>\t\t\t\t\t<\/div>\n\t\t\t\t\t\t\t\t\t<\/div>\n\t\t\t<\/div>\n\t\t\t\t\t<\/li>\n\t\t<\/ul>\t\t\t\t<ol class=\"sow-slider-pagination\">\n\t\t\t\t\t\t\t\t\t\t\t<li><a href=\"#\" data-goto=\"0\" aria-label=\"display slide 1\"><\/a><\/li>\n\t\t\t\t\t\t\t\t\t<\/ol>\n\n\t\t\t\t<div class=\"sow-slide-nav sow-slide-nav-next\">\n\t\t\t\t\t<a href=\"#\" data-goto=\"next\" aria-label=\"next slide\" data-action=\"next\">\n\t\t\t\t\t\t<em class=\"sow-sld-icon-thin-right\"><\/em>\n\t\t\t\t\t<\/a>\n\t\t\t\t<\/div>\n\n\t\t\t\t<div class=\"sow-slide-nav sow-slide-nav-prev\">\n\t\t\t\t\t<a href=\"#\" data-goto=\"previous\" aria-label=\"previous slide\" data-action=\"prev\">\n\t\t\t\t\t\t<em class=\"sow-sld-icon-thin-left\"><\/em>\n\t\t\t\t\t<\/a>\n\t\t\t\t<\/div>\n\t\t\t\t<\/div><\/div><\/div><\/div><div id=\"pgc-163-1-1\"  class=\"panel-grid-cell\" ><div id=\"panel-163-1-1-0\" class=\"so-panel widget widget_sow-editor panel-first-child panel-last-child\" data-index=\"2\" ><div\n\t\t\t\n\t\t\tclass=\"so-widget-sow-editor so-widget-sow-editor-base\"\n\t\t\t\n\t\t>\n<div class=\"siteorigin-widget-tinymce textwidget\">\n\t<p>Madeira de reflorestamento, o Pinus \u00e9 utilizado em:<\/p>\n<ul>\n<li>t\u00e1buas<\/li>\n<li>guarni\u00e7\u00f5es<\/li>\n<li>rodap\u00e9s<\/li>\n<li>forros<\/li>\n<li>l\u00e2mina decorativa<\/li>\n<\/ul>\n<\/div>\n<\/div><\/div><\/div><\/div><\/div>","protected":false},"excerpt":{"rendered":"<p>Madeira de reflorestamento, o Pinus \u00e9 utilizado em: t\u00e1buas guarni\u00e7\u00f5es rodap\u00e9s forros l\u00e2mina decorativa<\/p>\n","protected":false},"author":1,"featured_media":0,"parent":205,"menu_order":0,"comment_status":"closed","ping_status":"closed","template":"templates\/template-full.php","meta":{"footnotes":""},"yoast_head":"<!-- This site is optimized with the Yoast SEO plugin v21.3 - https:\/\/yoast.com\/wordpress\/plugins\/seo\/ -->\n<title>Pinus - Madeireira Perimetral<\/title>\n<meta name=\"robots\" content=\"index, follow, max-snippet:-1, max-image-preview:large, max-video-preview:-1\" \/>\n<link rel=\"canonical\" href=\"https:\/\/www.perimetralmadeiras.com.br\/site\/madeiras\/pinus\/\" \/>\n<meta property=\"og:locale\" content=\"pt_BR\" \/>\n<meta property=\"og:type\" content=\"article\" \/>\n<meta property=\"og:title\" content=\"Pinus - Madeireira Perimetral\" \/>\n<meta property=\"og:description\" content=\"Madeira de reflorestamento, o Pinus \u00e9 utilizado em: t\u00e1buas guarni\u00e7\u00f5es rodap\u00e9s forros l\u00e2mina decorativa\" \/>\n<meta property=\"og:url\" content=\"https:\/\/www.perimetralmadeiras.com.br\/site\/madeiras\/pinus\/\" \/>\n<meta property=\"og:site_name\" content=\"Madeireira Perimetral\" \/>\n<meta property=\"article:publisher\" content=\"http:\/\/facebook.com\/madeireira.perimetral\" \/>\n<meta property=\"article:modified_time\" content=\"2023-08-31T18:57:01+00:00\" \/>\n<meta name=\"twitter:card\" content=\"summary_large_image\" \/>\n<meta name=\"twitter:label1\" content=\"Est. tempo de leitura\" \/>\n\t<meta name=\"twitter:data1\" content=\"1 minuto\" \/>\n<script type=\"application\/ld+json\" class=\"yoast-schema-graph\">{\"@context\":\"https:\/\/schema.org\",\"@graph\":[{\"@type\":\"WebPage\",\"@id\":\"https:\/\/www.perimetralmadeiras.com.br\/site\/madeiras\/pinus\/\",\"url\":\"https:\/\/www.perimetralmadeiras.com.br\/site\/madeiras\/pinus\/\",\"name\":\"Pinus - Madeireira Perimetral\",\"isPartOf\":{\"@id\":\"http:\/\/perimetralmadeiras.com.br\/site\/#website\"},\"datePublished\":\"2016-04-19T20:07:51+00:00\",\"dateModified\":\"2023-08-31T18:57:01+00:00\",\"breadcrumb\":{\"@id\":\"https:\/\/www.perimetralmadeiras.com.br\/site\/madeiras\/pinus\/#breadcrumb\"},\"inLanguage\":\"pt-BR\",\"potentialAction\":[{\"@type\":\"ReadAction\",\"target\":[\"https:\/\/www.perimetralmadeiras.com.br\/site\/madeiras\/pinus\/\"]}]},{\"@type\":\"BreadcrumbList\",\"@id\":\"https:\/\/www.perimetralmadeiras.com.br\/site\/madeiras\/pinus\/#breadcrumb\",\"itemListElement\":[{\"@type\":\"ListItem\",\"position\":1,\"name\":\"In\u00edcio\",\"item\":\"http:\/\/perimetralmadeiras.com.br\/site\/\"},{\"@type\":\"ListItem\",\"position\":2,\"name\":\"Madeiras\",\"item\":\"http:\/\/perimetralmadeiras.com.br\/site\/madeiras\/\"},{\"@type\":\"ListItem\",\"position\":3,\"name\":\"Pinus\"}]},{\"@type\":\"WebSite\",\"@id\":\"http:\/\/perimetralmadeiras.com.br\/site\/#website\",\"url\":\"http:\/\/perimetralmadeiras.com.br\/site\/\",\"name\":\"Madeireira Perimetral\",\"description\":\"Site da Madeireira Perimetral em Caxias do Sul\",\"potentialAction\":[{\"@type\":\"SearchAction\",\"target\":{\"@type\":\"EntryPoint\",\"urlTemplate\":\"http:\/\/perimetralmadeiras.com.br\/site\/?s={search_term_string}\"},\"query-input\":\"required name=search_term_string\"}],\"inLanguage\":\"pt-BR\"}]}<\/script>\n<!-- \/ Yoast SEO plugin. -->","yoast_head_json":{"title":"Pinus - Madeireira Perimetral","robots":{"index":"index","follow":"follow","max-snippet":"max-snippet:-1","max-image-preview":"max-image-preview:large","max-video-preview":"max-video-preview:-1"},"canonical":"https:\/\/www.perimetralmadeiras.com.br\/site\/madeiras\/pinus\/","og_locale":"pt_BR","og_type":"article","og_title":"Pinus - Madeireira Perimetral","og_description":"Madeira de reflorestamento, o Pinus \u00e9 utilizado em: t\u00e1buas guarni\u00e7\u00f5es rodap\u00e9s forros l\u00e2mina decorativa","og_url":"https:\/\/www.perimetralmadeiras.com.br\/site\/madeiras\/pinus\/","og_site_name":"Madeireira Perimetral","article_publisher":"http:\/\/facebook.com\/madeireira.perimetral","article_modified_time":"2023-08-31T18:57:01+00:00","twitter_card":"summary_large_image","twitter_misc":{"Est. tempo de leitura":"1 minuto"},"schema":{"@context":"https:\/\/schema.org","@graph":[{"@type":"WebPage","@id":"https:\/\/www.perimetralmadeiras.com.br\/site\/madeiras\/pinus\/","url":"https:\/\/www.perimetralmadeiras.com.br\/site\/madeiras\/pinus\/","name":"Pinus - Madeireira Perimetral","isPartOf":{"@id":"http:\/\/perimetralmadeiras.com.br\/site\/#website"},"datePublished":"2016-04-19T20:07:51+00:00","dateModified":"2023-08-31T18:57:01+00:00","breadcrumb":{"@id":"https:\/\/www.perimetralmadeiras.com.br\/site\/madeiras\/pinus\/#breadcrumb"},"inLanguage":"pt-BR","potentialAction":[{"@type":"ReadAction","target":["https:\/\/www.perimetralmadeiras.com.br\/site\/madeiras\/pinus\/"]}]},{"@type":"BreadcrumbList","@id":"https:\/\/www.perimetralmadeiras.com.br\/site\/madeiras\/pinus\/#breadcrumb","itemListElement":[{"@type":"ListItem","position":1,"name":"In\u00edcio","item":"http:\/\/perimetralmadeiras.com.br\/site\/"},{"@type":"ListItem","position":2,"name":"Madeiras","item":"http:\/\/perimetralmadeiras.com.br\/site\/madeiras\/"},{"@type":"ListItem","position":3,"name":"Pinus"}]},{"@type":"WebSite","@id":"http:\/\/perimetralmadeiras.com.br\/site\/#website","url":"http:\/\/perimetralmadeiras.com.br\/site\/","name":"Madeireira Perimetral","description":"Site da Madeireira Perimetral em Caxias do Sul","potentialAction":[{"@type":"SearchAction","target":{"@type":"EntryPoint","urlTemplate":"http:\/\/perimetralmadeiras.com.br\/site\/?s={search_term_string}"},"query-input":"required name=search_term_string"}],"inLanguage":"pt-BR"}]}},"_links":{"self":[{"href":"http:\/\/perimetralmadeiras.com.br\/site\/wp-json\/wp\/v2\/pages\/163"}],"collection":[{"href":"http:\/\/perimetralmadeiras.com.br\/site\/wp-json\/wp\/v2\/pages"}],"about":[{"href":"http:\/\/perimetralmadeiras.com.br\/site\/wp-json\/wp\/v2\/types\/page"}],"author":[{"embeddable":true,"href":"http:\/\/perimetralmadeiras.com.br\/site\/wp-json\/wp\/v2\/users\/1"}],"replies":[{"embeddable":true,"href":"http:\/\/perimetralmadeiras.com.br\/site\/wp-json\/wp\/v2\/comments?post=163"}],"version-history":[{"count":4,"href":"http:\/\/perimetralmadeiras.com.br\/site\/wp-json\/wp\/v2\/pages\/163\/revisions"}],"predecessor-version":[{"id":559,"href":"http:\/\/perimetralmadeiras.com.br\/site\/wp-json\/wp\/v2\/pages\/163\/revisions\/559"}],"up":[{"embeddable":true,"href":"http:\/\/perimetralmadeiras.com.br\/site\/wp-json\/wp\/v2\/pages\/205"}],"wp:attachment":[{"href":"http:\/\/perimetralmadeiras.com.br\/site\/wp-json\/wp\/v2\/media?parent=163"}],"curies":[{"name":"wp","href":"https:\/\/api.w.org\/{rel}","templated":true}]}}